be (-24)/(6/1) + 5. Give n(w).
-1
Suppose 0 = -0*h + 5*h - 20. Suppose h*f = -16 - 4, 5*r - 4*f = 35. Let k(g) = -r + 2*g - 2*g + g. Calculate k(-4).
-7
Let o be (-10)/(3*4/(-18)). Let s(g) = -2*g**2 - 4*g**3 - 3*g + 1 + o*g**3 + 3*g. Calculate s(1).
10
Let z(y) = 0 + 1 - 35*y + 30*y. What is z(4)?
-19
Let j(u) be the third derivative of -u**5/30 + u**4/12 + u**3/3 - 21*u**2. Determine j(-2).
-10
Suppose -a = 3*q + 2*q + 44, -q = -5*a + 14. Let x = q + 10. Let y(s) = 1 + 4*s - s - 5*s. Calculate y(x).
-1
Let k be (-58)/10 + -1 - (-3)/(-15). Let p(u) = 2*u - 4. Determine p(k).
-18
Let s(l) be the first derivative of 4*l**3/3 + l**2/2 + l - 1. Let q = -7 - -6. Give s(q).
4
Let w(j) = j**3 - 4*j**2 - 6*j + 7. Let a be w(5). Suppose -3*b - 3*n - 8 = -2*n, -a = -2*b + 3*n. Let m(s) = -s**3 + s**2 + 4*s + 3. Determine m(b).
7
Let m(c) = 5*c + 1. Suppose -2*i - i = -18. Let h be ((-10)/(-4))/((-2)/(-4)). Suppose i*s - h = s. Determine m(s).
6
Let j(v) = v**3 - 5. Let w = 48 + -45. Let t(l) = l**3 + 4*l**2 - 6*l - 3. Let g be t(-5). Suppose g*m = w*m. Give j(m).
-5
Suppose -3*f - 5*g + 2 = -12, 4*f - 5*g = 7. Let j(w) = w**2 + w**3 - w - f - 2*w**2 - 5*w**2. Calculate j(6).
-9
Let r(v) be the first derivative of 1 + 1/2*v**2 - 9*v. Give r(4).
-5
Let p be 2/5 + 16/10. Suppose 0 = -p*w + 7*w. Let h(l) = l**2 + l + 6. Determine h(w).
6
Let m(c) = -2*c**3 + 4*c**2 - 4*c + 3. Let y be ((-28)/8 + 3)*-4. Give m(y).
-5
Let k(a) = 2*a - 18. Let t be k(10). Let h(d) = 6*d - 2. Determine h(t).
10
Let u(o) be the second derivative of o**5/20 - o**3/6 + o**2/2 + 3*o. Let p be u(2). Let a(i) = -i**2 + 6*i + 8. Calculate a(p).
1
Suppose -4*d = x + 11, x - 2*d = -0 + 1. Let s(k) = -k**3 - 2*k**2 + 2*k - 4. Give s(x).
-1
Let h(o) = 5*o - 1. Let p(b) = 16*b - 3. Let n(x) = 2*x**2 - 5*x - 4. Let j be n(4). Let w(f) = j*h(f) - 3*p(f). What is w(1)?
-7
Let q(v) = -v**2 + 1. Let t(i) = 5*i**3 + i**2 - i - 3. Let d(c) = 2*q(c) + t(c). Suppose -6*u + 68 = 272. Let m = u + 33. Give d(m).
-6
Let l(m) = 59 - 37 - m - 33. Give l(-9).
-2
Suppose -8*u = 4*u - 72. Let b(o) = o**3 - 7*o**2 + 7*o. What is b(u)?
6
Let g(a) = 12*a**2 + 2*a + 1. Let t be 50/40 - (-6)/8. Suppose 5*p = -2*b - 8 - 9, 0 = 2*b + t*p + 8. Determine g(b).
11
Let b(d) be the second derivative of -7*d**3/6 - d**2/2 + d. Suppose 2*u - 5*o = 19, 8 = u - 2*u - o. Let c be 8/(-12)*u - 3. Calculate b(c).
6
Let v(n) = -4*n. Let c(r) = -3*r - 4. Let h(m) = -2*m - 3. Let b(j) = 3*c(j) - 4*h(j). Suppose 0*g = -4*g + 60. Let k(u) = g*b(u) - 3*v(u). Calculate k(-1).
3
Let s(a) = -5*a - a + 42*a**2 - 41*a**2. Calculate s(7).
7
Suppose 0 = 9*k - 4*k - 25. Let v(p) = -3*p + 1. What is v(k)?
-14
Let x(s) = -2*s + 4 - 9 + 6. Determine x(5).
-9
Let r(z) = 17*z**3 + 7*z**2 - 4*z - 7. Let k(y) = -11*y**3 - 5*y**2 + 3*y + 5. Let c(f) = 7*k(f) + 5*r(f). Determine c(-1).
-9
Let q(r) = r**3 - 6*r**2 + 6*r - 2. Let a be q(5). Suppose x = -a*x + 20. Let k(o) = 3*o - 2 + x - o. Calculate k(-2).
-1
Let l(o) = 4*o**2 + 3*o + 9. Let g(c) = c**2 - c + 1. Let d(q) = 3*g(q) - l(q). Calculate d(-4).
2
Let i(v) = v**2 - 6*v - 9. Let o(y) = y**3 + 6*y**2 + 6*y. Let c be o(-4). Calculate i(c).
7
Let r(y) = -y**2 + 7*y + 2. Let p be r(7). Let g(v) = 7*v + 2. Give g(p).
16
Let m(h) = h**3 - 3*h**2 - 3*h - 3. Let l(i) = -i**3 + 4*i**2 + 6*i + 7. Let o be l(5). Suppose -2*y + 6*y - o = 0. Give m(y).
-12
Let j(h) = 2*h - 6. Let k be j(4). Let p(w) = -2*w**2 - w**k - w - w + 2. Give p(-2).
-6
Let l(a) be the third derivative of 3/40*a**5 + 0*a + 0*a**3 + 0 - 2*a**2 - 1/360*a**6 - 1/24*a**4. Let p(k) be the second derivative of l(k). What is p(6)?
-3
Let h(o) = -12*o**2. Let j be (4 - -2) + -2 + -3. Determine h(j).
-12
Let r(w) = -3 + 3 + 1 + 2*w. Let s(c) = -c**2 + 22*c - 19. Let f be s(21). Determine r(f).
5
Let y(l) = -6*l - 8. Let h(j) = -j + 1. Let q(r) = 2*h(r) - y(r). Calculate q(-7).
-18
Let o(x) = -2*x + 10. Let i(z) = 1. Let f(q) = 5*i(q) - o(q). Give f(-6).
-17
Let o(z) = -3*z**2 - 4*z - 2. Let h be (6/3 - 1) + 8. Suppose 0 = 2*c + a + h, -2*a = -5*a - 15. Calculate o(c).
-6
Let b(k) = -k + 9. Let r(i) = i - 9. Let y(z) = 5*b(z) + 6*r(z). Suppose -5*d + 5*m + 50 = 0, 6*d = 3*d + m + 20. Calculate y(d).
-4
Let h(o) = 2*o**2 - o - 1. Suppose 0*x = -2*x + 10. Suppose 4 = x*b - 16. Suppose -c - c = -b. What is h(c)?
5
Let o be 2*(-15)/(-6)*1. Suppose -o*i - 12 = -v, 0 = 5*i - 0*i + 15. Let z = v + 3. Let s(b) = -b. Determine s(z).
0
Let r(h) = h**3 - 15*h**2 + 26*h - 11. Let b be r(13). Let s(q) = -q**2 - 11*q - 3. What is s(b)?
-3
Let w(q) = 4*q - 5. Let z(f) = 11*f - 14. Let m = -16 + 19. Let n(j) = m*z(j) - 8*w(j). Determine n(6).
4
Let o be -2 - ((0 - 22) + 0). Suppose 3*p + 3 = 2*p - 4*f, -23 = -3*p + 4*f. Suppose o = -v + p*v. Let w(r) = -r**3 + 6*r**2 - 5*r - 1. What is w(v)?
-1
Let m(j) = 13*j**2 - 27*j + 16. Let k(d) = -7*d**2 + 14*d - 8. Let a(h) = -11*k(h) - 6*m(h). Give a(7).
-1
Let b(i) = 13*i + 3. Let f(p) = 9*p + 2. Let l(s) = 5*b(s) - 7*f(s). Let q be 3/(21/(-15) - -2). Suppose 0 = q*k - 5 - 10. Give l(k).
7
Let c(u) = -12 - 4*u**2 + 3*u**2 - 4*u + 22 - 13. Determine c(-4).
-3
Let f = 1 - 1. Let p(g) = g + 3*g + f + 2. Let x be (32/(-40))/((-4)/10) + -5. Determine p(x).
-10
Let p(r) be the third derivative of r**6/120 + 7*r**5/60 + r**3/3 + 10*r**2. What is p(-7)?
2
Let z = -9 + 11. Suppose 0 = 5*y - 0*y - 15. Let v(x) = -z*x - y - 2*x + 2*x + 9. Give v(4).
-2
Let g(f) = f + 6. Let q = 112 + -118. Determine g(q).
0
Let u(d) be the third derivative of -d**5/20 - d**4/12 + d**3/6 + 2*d**2. What is u(2)?
-15
Let x(b) be the second derivative of -b**4/12 - b**3 + 37*b. Let l = -19 - -13. Give x(l).
0
Let i(r) = -2*r**2 + 6*r + 3. Let k(g) = -2*g**2 + 5*g + 3. Let a(d) = -2*i(d) + 3*k(d). Suppose 19*f + 3 = 20*f. What is a(f)?
-6
Suppose 0 = -r - 3*g, 0 = 3*r + 3*g - 3 - 3. Let i be (-2)/(-4)*(r + -3). Let x(f) = 0*f + i*f - 3*f. Give x(-2).
6
Let x(t) be the second derivative of -t**5/20 - t**4/3 + t**2 - 3*t. Determine x(-4).
2
Suppose -2*d = d. Suppose -5*n + 3 + 2 = d. Let s(a) = -a. Determine s(n).
-1
Let i(r) = -r**3 - 2*r**2 - 4*r. Let c(b) be the second derivative of 3*b**5/10 + 3*b**4/4 + 10*b**3/3 + 6*b. Let z(f) = 2*c(f) + 11*i(f). Give z(5).
5
Suppose 2*g - 6 = 0, 2*f + 0*g + 2*g - 6 = 0. Let a = -10 + 11. Let i be a/3*f + 3. Let m(o) = -o**3 + 3*o**2 + o + 4. What is m(i)?
7
Suppose 11 = 4*o + 3*g, 3*o - 5*g = -0*o + 30. Let m(y) = -y**2 + 5*y - 7. Determine m(o).
-7
Let q(a) = a - 2. Suppose -5*u + 15 = 3*v - 0, -5*v + 25 = u. Let k(y) = y**2 - 4*y - 5. Let n be k(v). Let l be ((1 - 2)*n)/2. What is q(l)?
-2
Suppose 0*w - w = 0. Suppose 5*c + 4*x + 9 = w, 0*x + 3*x = 2*c + 22. Let s(a) = -a + 1. Calculate s(c).
6
Suppose -n + 4*l + 0*l = -4, 5*n = -5*l - 5. Let k(w) = -w**2 + w. What is k(n)?
0
Let f(q) = -11*q**2 + q + 1. Let v be 54/(-15)*5/(-2). Suppose 0 = -3*j - v - 0. Let w(n) = -10*n**2 + n + 1. Let l(y) = j*w(y) + 2*f(y). Calculate l(-1).
8
Let d(k) = k**2 + 9*k + 9. Let p be d(-7). Let r(w) = w**3 + 5*w**2 + 2*w + 4. Give r(p).
-6
Let g(y) = -y**3 + 8*y**2 + 6*y - 1. Let k(o) = -3*o**3 + 23*o**2 + 17*o - 3. Let v(t) = -11*g(t) + 4*k(t). Give v(4).
7
Let l(q) = -2*q**3 - 2*q**2 + 2*q - 7. Let s(y) = -3*y**3 - 4*y**2 + 4*y - 13. Let p(t) = -11*l(t) + 6*s(t). Give p(1).
3
Let a be ((-3)/6)/(2/(-20)). Let c = -1 - a. Let q(w) = -2*w - 5. Calculate q(c).
7
Let v(c) be the first derivative of 2*c**2 + 3*c - 3. Let q be v(-2). Let n(d) = -d**2 - 7*d - 3. Determine n(q).
7
Let g(v) = 5*v**3 - v**2 - v + 1. Let y be (-18)/(-10) - (-1)/5. Suppose -4*f + 10 = -3*w, -y*f + 25 = 4*w + 9. Suppose -w*x = -4 + 2. Give g(x).
4
Let r(k) be the third derivative of 7*k**4/24 + k**3/6 + k**2 + 14*k. What is r(4)?
29
Let r be (-1)/(3 - 4) + -6 + 1. Let h(f) = -2*f + 2. Determine h(r).
10
Let n(y) = 3*y**3 + 3*y**2 + 2*y - 7. Let s(w) = -7*w**3 - 7*w**2 - 5*w + 15. Let c(f) = -9*n(f) - 4*s(f). Calculate c(-2).
-5
Let q(x) be the second derivative of x**5/20 - x**4/12 - x**3/2 + 3*x**2/2 - x. Let c = 57 + -36. Suppose -4*o - 3*m = -o - c, -3*m + 25 = 5*o. Determine q(o).
1
Let p(h) = h. Let g(z) = z**3 - 13*z**2 - 14*z + 4. Let v be g(14). Calculate p(v).
4
Let i(q) = -q - 11. Let r(u) = -3*u**2 - 56*u + 19. Let d be r(-19). Determi